culate the remainder when 986 is divided by 485.
16
Calculate the remainder when 20801 is divided by 254.
227
What is the remainder when 31489 is divided by 658?
563
What is the remainder when 1394 is divided by 50?
44
Calculate the remainder when 46737 is divided by 15576.
9
What is the remainder when 5211 is divided by 348?
339
What is the remainder when 12919 is divided by 15?
4
Calculate the remainder when 160220 is divided by 487.
484
Calculate the remainder when 1534 is divided by 32.
30
Calculate the remainder when 19505 is divided by 2153.
128
What is the remainder when 4992 is divided by 4907?
85
What is the remainder when 654 is divided by 320?
14
What is the remainder when 116126 is divided by 207?
206
Calculate the remainder when 402514 is divided by 108.
106
What is the remainder when 280467 is divided by 389?
387
What is the remainder when 3429 is divided by 286?
283
Calculate the remainder when 4610 is divided by 501.
101
What is the remainder when 2949 is divided by 182?
37
Calculate the remainder when 4930 is divided by 540.
70
What is the remainder when 16115 is divided by 34?
33
What is the remainder when 18104 is divided by 65?
34
Calculate the remainder when 6894 is divided by 33.
30
Calculate the remainder when 2962 is divided by 979.
25
What is the remainder when 79456 is divided by 102?
100
Calculate the remainder when 2538 is divided by 411.
72
What is the remainder when 119769 is divided by 5?
4
What is the remainder when 67578 is divided by 132?
126
Calculate the remainder when 1009359 is divided by 37.
36
What is the remainder when 275505 is divided by 336?
321
What is the remainder when 22147297 is divided by 35?
32
What is the remainder when 7330 is divided by 77?
15
What is the remainder when 6455 is divided by 76?
71
What is the remainder when 3496759 is divided by 76?
75
Calculate the remainder when 60016 is divided by 268.
252
What is the remainder when 3081 is divided by 888?
417
Calculate the remainder when 64924 is divided by 585.
574
What is the remainder when 15400 is divided by 28?
0
What is the remainder when 5580 is divided by 1377?
72
What is the remainder when 110591 is divided by 288?
287
Calculate the remainder when 6734 is divided by 46.
18
What is the remainder when 8948 is divided by 2234?
12
Calculate the remainder when 1804 is divided by 20.
4
Calculate the remainder when 117495 is divided by 58743.
9
Calculate the remainder when 891 is divided by 6.
3
What is the remainder when 1207 is divided by 293?
35
What is the remainder when 69892 is divided by 164?
28
What is the remainder when 173416 is divided by 28901?
10
What is the remainder when 20407 is divided by 82?
71
What is the remainder when 1018 is divided by 10?
8
What is the remainder when 4311 is divided by 882?
783
What is the remainder when 3009 is divided by 105?
69
What is the remainder when 8235 is divided by 49?
3
What is the remainder when 633693 is divided by 168?
165
Calculate the remainder when 11344 is divided by 3688.
280
What is the remainder when 48559 is divided by 199?
3
What is the remainder when 560400 is divided by 560388?
12
What is the remainder when 543 is divided by 126?
39
What is the remainder when 65196 is divided by 12949?
451
Calculate the remainder when 347 is divided by 46.
25
Calculate the remainder when 895 is divided by 433.
29
Calculate the remainder when 73091 is divided by 425.
416
What is the remainder when 18736 is divided by 212?
80
Calculate the remainder when 20344 is divided by 497.
464
What is the remainder when 389257 is divided by 382?
381
Calculate the remainder when 1317 is divided by 644.
29
What is the remainder when 106419 is divided by 115?
44
Calculate the remainder when 1827546 is divided by 188.
186
What is the remainder when 11755 is divided by 15?
10
What is the remainder when 2856 is divided by 2507?
349
Calculate the remainder when 102596 is divided by 10.
6
Calculate the remainder when 191 is divided by 103.
88
Calculate the remainder when 54472 is divided by 10892.
12
What is the remainder when 1426376 is divided by 149?
148
Calculate the remainder when 1957 is divided by 167.
120
What is the remainder when 1328 is divided by 162?
32
What is the remainder when 489735 is divided by 4?
3
Calculate the remainder when 153272 is divided by 108.
20
What is the remainder when 4898 is divided by 981?
974
What is the remainder when 56749 is divided by 139?
37
Calculate the remainder when 29469 is divided by 2946.
9
What is the remainder when 991 is divided by 158?
43
What is the remainder when 91058 is divided by 290?
288
What is the remainder when 14926 is divided by 14912?
14
What is the remainder when 2521112 is divided by 3?
2
Calculate the remainder when 5244 is divided by 4946.
298
What is the remainder when 116107 is divided by 38677?
76
Calculate the remainder when 121747 is divided by 161.
31
What is the remainder when 794 is divided by 396?
2
What is the remainder when 2339 is divided by 51?
44
What is the remainder when 3084 is divided by 973?
165
What is the remainder when 33223 is divided by 13?
8
What is the remainder when 70080 is divided by 464?
16
Calculate the remainder when 6564 is divided by 931.
47
Calculate the remainder when 25871 is divided by 5125.
246
What is the remainder when 15809 is divided by 4915?
1064
What is the remainder when 152199 is divided by 2495?
4
Calculate the remainder when 102350 is divided by 78.
14
What is the remainder when 57006 is divided by 108?
90
What is the remainder when 193881 is divided by 148?
1
Calculate the remainder when 1137 is divided by 388.
361
What is the remainder when 37486 is divided by 987?
967
What is the remainder when 111353 is divided by 15906?
11
Calculate the remainder when 79279 is divided by 49.
46
What is the remainder when 46260 is divided by 80?
20
What is the remainder when 43797 is divided by 64?
21
What is the remainder when 700 is divided by 58?
4
Calculate the remainder when 351144 is divided by 117048.
0
What is the remainder when 39164 is divided by 23?
18
What is the remainder when 3894 is divided by 674?
524
What is the remainder when 1372893 is divided by 24?
21
What is the remainder when 26859 is divided by 1917?
21
What is the remainder when 6531 is divided by 1630?
11
What is the remainder when 28848 is divided by 148?
136
Calculate the remainder when 3406 is divided by 197.
57
What is the remainder when 112770 is divided by 1466?
1354
Calculate the remainder when 31783 is divided by 116.
115
What is the remainder when 135950 is divided by 123?
35
Calculate the remainder when 16534 is divided by 5.
4
Calculate the remainder when 8192181 is divided by 78.
75
What is the remainder when 4304 is divided by 102?
20
Calculate the remainder when 4958 is divided by 969.
113
Calculate the remainder when 12422 is divided by 42.
32
What is the remainder when 1480 is divided by 207?
31
What is the remainder when 582116 is divided by 12?
8
What is the remainder when 770 is divided by 168?
98
Calculate the remainder when 131968 is divided by 840.
88
Calculate the remainder when 389924 is divided by 53.
3
Calculate the remainder when 124145 is divided by 211.
77
Calculate the remainder when 456397 is divided by 70.
67
What is the remainder when 17633 is divided by 98?
91
Calculate the remainder when 60238 is divided by 5.
3
Calculate the remainder when 4028 is divided by 183.
2
Calculate the remainder when 6928 is divided by 182.
12
Calculate the remainder when 19398 is divided by 28.
22
Calculate the remainder when 145739 is divided by 39.
35
What is the remainder when 2227 is divided by 287?
218
What is the remainder when 160263 is divided by 636?
627
What is the remainder when 2454 is divided by 482?
44
What is the remainder when 49227 is divided by 656?
27
What is the remainder when 900074 is divided by 43?
41
What is the remainder when 88855 is divided by 11?
8
Calculate the remainder when 823651 is divided by 505.
501
Calculate the remainder when 97743 is divided by 113.
111
What is the remainder when 3213 is divided by 705?
393
Calculate the remainder when 10751 is divided by 10664.
87
What is the remainder when 3513 is divided by 136?
113
What is the remainder when 4232 is divided by 1395?
47
Ca